{"id":721,"date":"2024-01-03T11:15:46","date_gmt":"2024-01-03T10:15:46","guid":{"rendered":"https:\/\/raegal.es\/?page_id=721"},"modified":"2024-10-23T11:07:24","modified_gmt":"2024-10-23T09:07:24","slug":"planes-de-autoproteccion-emergencia","status":"publish","type":"page","link":"https:\/\/raegal.es\/en\/planes-de-autoproteccion-emergencia\/","title":{"rendered":"Planes de Autoprotecci\u00f3n &#8211; Emergencia"},"content":{"rendered":"<div data-elementor-type=\"wp-page\" data-elementor-id=\"721\" class=\"elementor elementor-721\">\n\t\t\t\t\t\t<section class=\"elementor-section elementor-top-section elementor-element elementor-element-fa8d027 elementor-section-full_width elementor-section-height-default elementor-section-height-default\" data-id=\"fa8d027\" data-element_type=\"section\" data-e-type=\"section\" data-settings=\"{&quot;background_background&quot;:&quot;classic&quot;}\">\n\t\t\t\t\t\t\t<div class=\"elementor-background-overlay\"><\/div>\n\t\t\t\t\t\t\t<div class=\"elementor-container elementor-column-gap-default\">\n\t\t\t\t\t<div class=\"elementor-column elementor-col-50 elementor-top-column elementor-element elementor-element-e955b75\" data-id=\"e955b75\" data-element_type=\"column\" data-e-type=\"column\" data-settings=\"{&quot;background_background&quot;:&quot;classic&quot;}\">\n\t\t\t<div class=\"elementor-widget-wrap\">\n\t\t\t\t\t\t\t<\/div>\n\t\t<\/div>\n\t\t\t\t<div class=\"elementor-column elementor-col-50 elementor-top-column elementor-element elementor-element-39e52fd\" data-id=\"39e52fd\" data-element_type=\"column\" data-e-type=\"column\" data-settings=\"{&quot;background_background&quot;:&quot;classic&quot;}\">\n\t\t\t<div class=\"elementor-widget-wrap elementor-element-populated\">\n\t\t\t\t\t\t<div class=\"elementor-element elementor-element-3335dfa elementor-widget elementor-widget-heading\" data-id=\"3335dfa\" data-element_type=\"widget\" data-e-type=\"widget\" data-widget_type=\"heading.default\">\n\t\t\t\t<div class=\"elementor-widget-container\">\n\t\t\t\t\t<h1 class=\"elementor-heading-title elementor-size-default\">Planes de Autoprotecci\u00f3n - Emergencia<\/h1>\t\t\t\t<\/div>\n\t\t\t\t<\/div>\n\t\t\t\t<div class=\"elementor-element elementor-element-d3debe1 elementor-widget elementor-widget-text-editor\" data-id=\"d3debe1\" data-element_type=\"widget\" data-e-type=\"widget\" data-widget_type=\"text-editor.default\">\n\t\t\t\t<div class=\"elementor-widget-container\">\n\t\t\t\t\t\t\t\t\t<p data-sourcepos=\"1:1-1:68\"><strong>\u00bfNecesita un Plan de Autoprotecci\u00f3n para su negocio o actividad?<\/strong><\/p><p data-sourcepos=\"3:1-3:330\">El Plan de Autoprotecci\u00f3n es un documento obligatorio para todos los establecimientos y actividades que desarrollen su actividad en un local de p\u00fablica concurrencia. Este documento establece las medidas de prevenci\u00f3n y protecci\u00f3n que deben adoptarse para garantizar la seguridad de las personas y los bienes en caso de emergencia.<\/p><p data-sourcepos=\"5:1-5:264\"><strong>En Raegal, contamos con un equipo de profesionales con amplia experiencia en la elaboraci\u00f3n de planes de autoprotecci\u00f3n.<\/strong> Podemos ayudarle a elaborar un plan de autoprotecci\u00f3n adaptado a las caracter\u00edsticas espec\u00edficas de su negocio o actividad.<\/p><p data-sourcepos=\"7:1-7:19\"><strong>\u00bfQu\u00e9 ofrecemos?<\/strong><\/p><ul data-sourcepos=\"9:1-12:0\"><li data-sourcepos=\"9:1-9:80\">Asesoramiento t\u00e9cnico personalizado en funci\u00f3n de sus necesidades y objetivos.<\/li><li data-sourcepos=\"10:1-10:86\">Elaboraci\u00f3n de un plan de autoprotecci\u00f3n completo y adaptado a la normativa vigente.<\/li><li data-sourcepos=\"11:1-12:0\">Formaci\u00f3n al personal sobre el plan de autoprotecci\u00f3n.<\/li><\/ul><p data-sourcepos=\"13:1-13:27\"><strong>\u00bfC\u00f3mo podemos ayudarle?<\/strong><\/p><p data-sourcepos=\"15:1-15:194\">Para empezar, le invitamos a concertar una cita con uno de nuestros asesores. En esta reuni\u00f3n, le ayudaremos a definir sus necesidades y objetivos, y le ofreceremos un presupuesto personalizado.<\/p><p data-sourcepos=\"17:1-17:276\">Una vez que tengamos claro el alcance del plan, nos encargaremos de realizar un estudio t\u00e9cnico de su negocio o actividad para identificar los riesgos potenciales y las medidas de prevenci\u00f3n y protecci\u00f3n necesarias. En este estudio, nos basaremos en las siguientes normativas:<\/p><ul data-sourcepos=\"19:1-22:0\"><li data-sourcepos=\"19:1-19:174\"><strong>Real Decreto 393\/2007, de 23 de marzo, por el que se aprueba la Norma B\u00e1sica de Autoprotecci\u00f3n de los Establecimientos, Instalaciones y Actividades Industriales (NBAU).<\/strong><\/li><li data-sourcepos=\"20:1-20:152\"><strong>Real Decreto 485\/1997, de 14 de abril, sobre disposiciones m\u00ednimas de seguridad en los lugares de trabajo en materia de se\u00f1alizaci\u00f3n de seguridad.<\/strong><\/li><li data-sourcepos=\"21:1-22:0\"><strong>Real Decreto 842\/2002, de 2 de agosto, por el que se aprueba el C\u00f3digo T\u00e9cnico de la Edificaci\u00f3n.<\/strong><\/li><\/ul><p data-sourcepos=\"23:1-23:112\">Una vez finalizado el estudio, redactaremos un plan de autoprotecci\u00f3n que incluir\u00e1 la siguiente informaci\u00f3n:<\/p><ul data-sourcepos=\"25:1-30:0\"><li data-sourcepos=\"25:1-25:44\"><strong>Descripci\u00f3n de la empresa o actividad.<\/strong><\/li><li data-sourcepos=\"26:1-26:48\"><strong>Identificaci\u00f3n de los riesgos potenciales.<\/strong><\/li><li data-sourcepos=\"27:1-27:41\"><strong>Medidas de prevenci\u00f3n y protecci\u00f3n.<\/strong><\/li><li data-sourcepos=\"28:1-28:56\"><strong>Procedimientos de actuaci\u00f3n en caso de emergencia.<\/strong><\/li><li data-sourcepos=\"29:1-30:0\"><strong>Formaci\u00f3n al personal.<\/strong><\/li><\/ul><p data-sourcepos=\"31:1-32:33\">P\u00f3ngase en contacto con nosotros y descubra c\u00f3mo podemos ayudarle a elaborar un plan de autoprotecci\u00f3n que cumpla con la normativa vigente y le ayude a proteger a sus empleados y clientes.<\/p>\t\t\t\t\t\t\t\t<\/div>\n\t\t\t\t<\/div>\n\t\t\t\t\t<\/div>\n\t\t<\/div>\n\t\t\t\t\t<\/div>\n\t\t<\/section>\n\t\t\t\t<\/div>","protected":false},"excerpt":{"rendered":"<p>Planes de Autoprotecci\u00f3n &#8211; Emergencia \u00bfNecesita un Plan de Autoprotecci\u00f3n para su negocio o actividad? El Plan de Autoprotecci\u00f3n es un documento obligatorio para todos los establecimientos y actividades que desarrollen su actividad en un local de p\u00fablica concurrencia. Este documento establece las medidas de prevenci\u00f3n y protecci\u00f3n que deben adoptarse para garantizar la seguridad [&hellip;]<\/p>\n","protected":false},"author":1,"featured_media":0,"parent":0,"menu_order":0,"comment_status":"closed","ping_status":"closed","template":"","meta":{"site-sidebar-layout":"no-sidebar","site-content-layout":"","ast-site-content-layout":"full-width-container","site-content-style":"default","site-sidebar-style":"default","ast-global-header-display":"","ast-banner-title-visibility":"","ast-main-header-display":"","ast-hfb-above-header-display":"","ast-hfb-below-header-display":"","ast-hfb-mobile-header-display":"","site-post-title":"disabled","ast-breadcrumbs-content":"","ast-featured-img":"disabled","footer-sml-layout":"","ast-disable-related-posts":"","theme-transparent-header-meta":"","adv-header-id-meta":"","stick-header-meta":"","header-above-stick-meta":"","header-main-stick-meta":"","header-below-stick-meta":"","astra-migrate-meta-layouts":"default","ast-page-background-enabled":"default","ast-page-background-meta":{"desktop":{"background-color":"var(--ast-global-color-4)","background-image":"","background-repeat":"repeat","background-position":"center center","background-size":"auto","background-attachment":"scroll","background-type":"","background-media":"","overlay-type":"","overlay-color":"","overlay-opacity":"","overlay-gradient":""},"tablet":{"background-color":"","background-image":"","background-repeat":"repeat","background-position":"center center","background-size":"auto","background-attachment":"scroll","background-type":"","background-media":"","overlay-type":"","overlay-color":"","overlay-opacity":"","overlay-gradient":""},"mobile":{"background-color":"","background-image":"","background-repeat":"repeat","background-position":"center center","background-size":"auto","background-attachment":"scroll","background-type":"","background-media":"","overlay-type":"","overlay-color":"","overlay-opacity":"","overlay-gradient":""}},"ast-content-background-meta":{"desktop":{"background-color":"var(--ast-global-color-5)","background-image":"","background-repeat":"repeat","background-position":"center center","background-size":"auto","background-attachment":"scroll","background-type":"","background-media":"","overlay-type":"","overlay-color":"","overlay-opacity":"","overlay-gradient":""},"tablet":{"background-color":"var(--ast-global-color-5)","background-image":"","background-repeat":"repeat","background-position":"center center","background-size":"auto","background-attachment":"scroll","background-type":"","background-media":"","overlay-type":"","overlay-color":"","overlay-opacity":"","overlay-gradient":""},"mobile":{"background-color":"var(--ast-global-color-5)","background-image":"","background-repeat":"repeat","background-position":"center center","background-size":"auto","background-attachment":"scroll","background-type":"","background-media":"","overlay-type":"","overlay-color":"","overlay-opacity":"","overlay-gradient":""}},"footnotes":""},"class_list":["post-721","page","type-page","status-publish","hentry"],"_links":{"self":[{"href":"https:\/\/raegal.es\/en\/wp-json\/wp\/v2\/pages\/721","targetHints":{"allow":["GET"]}}],"collection":[{"href":"https:\/\/raegal.es\/en\/wp-json\/wp\/v2\/pages"}],"about":[{"href":"https:\/\/raegal.es\/en\/wp-json\/wp\/v2\/types\/page"}],"author":[{"embeddable":true,"href":"https:\/\/raegal.es\/en\/wp-json\/wp\/v2\/users\/1"}],"replies":[{"embeddable":true,"href":"https:\/\/raegal.es\/en\/wp-json\/wp\/v2\/comments?post=721"}],"version-history":[{"count":13,"href":"https:\/\/raegal.es\/en\/wp-json\/wp\/v2\/pages\/721\/revisions"}],"predecessor-version":[{"id":920,"href":"https:\/\/raegal.es\/en\/wp-json\/wp\/v2\/pages\/721\/revisions\/920"}],"wp:attachment":[{"href":"https:\/\/raegal.es\/en\/wp-json\/wp\/v2\/media?parent=721"}],"curies":[{"name":"wp","href":"https:\/\/api.w.org\/{rel}","templated":true}]}}

Planes de Autoprotección &#8211; Emergencia

<div data-elementor-type="wp-page" data-elementor-id="721" class="elementor elementor-721">
						<section class="elementor-section elementor-top-section elementor-element elementor-element-fa8d027 elementor-section-full_width elementor-section-height-default elementor-section-height-default" data-id="fa8d027" data-element_type="section" data-e-type="section" data-settings="{&quot;background_background&quot;:&quot;classic&quot;}">
							<div class="elementor-background-overlay"></div>
							<div class="elementor-container elementor-column-gap-default">
					<div class="elementor-column elementor-col-50 elementor-top-column elementor-element elementor-element-e955b75" data-id="e955b75" data-element_type="column" data-e-type="column" data-settings="{&quot;background_background&quot;:&quot;classic&quot;}">
			<div class="elementor-widget-wrap">
							</div>
		</div>
				<div class="elementor-column elementor-col-50 elementor-top-column elementor-element elementor-element-39e52fd" data-id="39e52fd" data-element_type="column" data-e-type="column" data-settings="{&quot;background_background&quot;:&quot;classic&quot;}">
			<div class="elementor-widget-wrap elementor-element-populated">
						<div class="elementor-element elementor-element-3335dfa elementor-widget elementor-widget-heading" data-id="3335dfa" data-element_type="widget" data-e-type="widget" data-widget_type="heading.default">
				<div class="elementor-widget-container">
					<h1 class="elementor-heading-title elementor-size-default">Planes de Autoprotección - Emergencia</h1>				</div>
				</div>
				<div class="elementor-element elementor-element-d3debe1 elementor-widget elementor-widget-text-editor" data-id="d3debe1" data-element_type="widget" data-e-type="widget" data-widget_type="text-editor.default">
				<div class="elementor-widget-container">
									<p data-sourcepos="1:1-1:68"><strong>¿Necesita un Plan de Autoprotección para su negocio o actividad?</strong></p><p data-sourcepos="3:1-3:330">El Plan de Autoprotección es un documento obligatorio para todos los establecimientos y actividades que desarrollen su actividad en un local de pública concurrencia. Este documento establece las medidas de prevención y protección que deben adoptarse para garantizar la seguridad de las personas y los bienes en caso de emergencia.</p><p data-sourcepos="5:1-5:264"><strong>En Raegal, contamos con un equipo de profesionales con amplia experiencia en la elaboración de planes de autoprotección.</strong> Podemos ayudarle a elaborar un plan de autoprotección adaptado a las características específicas de su negocio o actividad.</p><p data-sourcepos="7:1-7:19"><strong>¿Qué ofrecemos?</strong></p><ul data-sourcepos="9:1-12:0"><li data-sourcepos="9:1-9:80">Asesoramiento técnico personalizado en función de sus necesidades y objetivos.</li><li data-sourcepos="10:1-10:86">Elaboración de un plan de autoprotección completo y adaptado a la normativa vigente.</li><li data-sourcepos="11:1-12:0">Formación al personal sobre el plan de autoprotección.</li></ul><p data-sourcepos="13:1-13:27"><strong>¿Cómo podemos ayudarle?</strong></p><p data-sourcepos="15:1-15:194">Para empezar, le invitamos a concertar una cita con uno de nuestros asesores. En esta reunión, le ayudaremos a definir sus necesidades y objetivos, y le ofreceremos un presupuesto personalizado.</p><p data-sourcepos="17:1-17:276">Una vez que tengamos claro el alcance del plan, nos encargaremos de realizar un estudio técnico de su negocio o actividad para identificar los riesgos potenciales y las medidas de prevención y protección necesarias. En este estudio, nos basaremos en las siguientes normativas:</p><ul data-sourcepos="19:1-22:0"><li data-sourcepos="19:1-19:174"><strong>Real Decreto 393/2007, de 23 de marzo, por el que se aprueba la Norma Básica de Autoprotección de los Establecimientos, Instalaciones y Actividades Industriales (NBAU).</strong></li><li data-sourcepos="20:1-20:152"><strong>Real Decreto 485/1997, de 14 de abril, sobre disposiciones mínimas de seguridad en los lugares de trabajo en materia de señalización de seguridad.</strong></li><li data-sourcepos="21:1-22:0"><strong>Real Decreto 842/2002, de 2 de agosto, por el que se aprueba el Código Técnico de la Edificación.</strong></li></ul><p data-sourcepos="23:1-23:112">Una vez finalizado el estudio, redactaremos un plan de autoprotección que incluirá la siguiente información:</p><ul data-sourcepos="25:1-30:0"><li data-sourcepos="25:1-25:44"><strong>Descripción de la empresa o actividad.</strong></li><li data-sourcepos="26:1-26:48"><strong>Identificación de los riesgos potenciales.</strong></li><li data-sourcepos="27:1-27:41"><strong>Medidas de prevención y protección.</strong></li><li data-sourcepos="28:1-28:56"><strong>Procedimientos de actuación en caso de emergencia.</strong></li><li data-sourcepos="29:1-30:0"><strong>Formación al personal.</strong></li></ul><p data-sourcepos="31:1-32:33">Póngase en contacto con nosotros y descubra cómo podemos ayudarle a elaborar un plan de autoprotección que cumpla con la normativa vigente y le ayude a proteger a sus empleados y clientes.</p>								</div>
				</div>
					</div>
		</div>
					</div>
		</section>
				</div>

<p>Planes de Autoprotección &#8211; Emergencia ¿Necesita un Plan de Autoprotección para su negocio o actividad? El Plan de Autoprotección es un documento obligatorio para todos los establecimientos y actividades que desarrollen su actividad en un local de pública concurrencia. Este documento establece las medidas de prevención y protección que deben adoptarse para garantizar la seguridad [&hellip;]</p>
